--
-- Host: localhost    Database: micha608_wp949
-- ------------------------------------------------------


--
-- Table structure for table `wpfj_actionscheduler_actions`
--

CREATE TABLE `wpfj_actionscheduler_actions` (
  `action_id` bigint(20) unsigned NOT NULL AUTO_INCREMENT,
  `hook` varchar(191) NOT NULL,
  `status` varchar(20) NOT NULL,
  `scheduled_date_gmt` datetime DEFAULT '0000-00-00 00:00:00',
  `scheduled_date_local` datetime DEFAULT '0000-00-00 00:00:00',
  `priority` tinyint(3) unsigned NOT NULL DEFAULT 10,
  `args` varchar(191) DEFAULT NULL,
  `schedule` longtext DEFAULT NULL,
  `group_id` bigint(20) unsigned NOT NULL DEFAULT 0,
  `attempts` int(11) NOT NULL DEFAULT 0,
  `last_attempt_gmt` datetime DEFAULT '0000-00-00 00:00:00',
  `last_attempt_local` datetime DEFAULT '0000-00-00 00:00:00',
  `claim_id` bigint(20) unsigned NOT NULL DEFAULT 0,
  `extended_args` varchar(8000) DEFAULT NULL,
  PRIMARY KEY (`action_id`),
  KEY `hook_status_scheduled_date_gmt` (`hook`(163),`status`,`scheduled_date_gmt`),
  KEY `status_scheduled_date_gmt` (`status`,`scheduled_date_gmt`),
  KEY `scheduled_date_gmt` (`scheduled_date_gmt`),
  KEY `args` (`args`),
  KEY `group_id` (`group_id`),
  KEY `last_attempt_gmt` (`last_attempt_gmt`),
  KEY `claim_id_status_scheduled_date_gmt` (`claim_id`,`status`,`scheduled_date_gmt`)
) ENGINE=MyISAM AUTO_INCREMENT=536 DEFAULT CHARSET=utf8mb4 COLLATE=utf8mb4_unicode_520_ci;

--
-- Dumping data for table `wpfj_actionscheduler_actions`
--

INSERT INTO `wpfj_actionscheduler_actions` VALUES (530,'woocommerce_cleanup_draft_orders','complete','2023-12-20 20:06:37','2023-12-20 20:06:37',10,'[]','O:32:\"ActionScheduler_IntervalSchedule\":5:{s:22:\"\0*\0scheduled_timestamp\";i:1703102797;s:18:\"\0*\0first_timestamp\";i:1663827812;s:13:\"\0*\0recurrence\";i:86400;s:49:\"\0ActionScheduler_IntervalSchedule\0start_timestamp\";i:1703102797;s:53:\"\0ActionScheduler_IntervalSchedule\0interval_in_seconds\";i:86400;}',5,1,'2024-11-19 22:53:41','2024-11-19 22:53:41',0,''),(220,'woocommerce_run_on_woocommerce_admin_updated','failed','2023-03-03 06:39:20','2023-03-03 06:39:20',10,'[\"Automattic\\\\WooCommerce\\\\Admin\\\\RemoteInboxNotifications\\\\RemoteInboxNotificationsEngine\",\"run_on_woocommerce_admin_updated\"]','O:30:\"ActionScheduler_SimpleSchedule\":2:{s:22:\"\0*\0scheduled_timestamp\";i:1677825560;s:41:\"\0ActionScheduler_SimpleSchedule\0timestamp\";i:1677825560;}',4,1,'2023-03-03 06:39:21','2023-03-03 06:39:21',0,''),(234,'woocommerce_run_on_woocommerce_admin_updated','failed','2023-03-15 12:31:54','2023-03-15 12:31:54',10,'[\"Automattic\\\\WooCommerce\\\\Admin\\\\RemoteInboxNotifications\\\\RemoteInboxNotificationsEngine\",\"run_on_woocommerce_admin_updated\"]','O:30:\"ActionScheduler_SimpleSchedule\":2:{s:22:\"\0*\0scheduled_timestamp\";i:1678883514;s:41:\"\0ActionScheduler_SimpleSchedule\0timestamp\";i:1678883514;}',4,1,'2023-03-15 12:32:00','2023-03-15 12:32:00',0,''),(268,'woocommerce_run_on_woocommerce_admin_updated','failed','2023-04-14 07:15:42','2023-04-14 07:15:42',10,'[\"Automattic\\\\WooCommerce\\\\Admin\\\\RemoteInboxNotifications\\\\RemoteInboxNotificationsEngine\",\"run_on_woocommerce_admin_updated\"]','O:30:\"ActionScheduler_SimpleSchedule\":2:{s:22:\"\0*\0scheduled_timestamp\";i:1681456542;s:41:\"\0ActionScheduler_SimpleSchedule\0timestamp\";i:1681456542;}',4,1,'2023-04-14 07:15:45','2023-04-14 07:15:45',0,''),(534,'woocommerce_cleanup_draft_orders','pending','2024-11-20 22:53:41','2024-11-20 22:53:41',10,'[]','O:32:\"ActionScheduler_IntervalSchedule\":5:{s:22:\"\0*\0scheduled_timestamp\";i:1732143221;s:18:\"\0*\0first_timestamp\";i:1663827812;s:13:\"\0*\0recurrence\";i:86400;s:49:\"\0ActionScheduler_IntervalSchedule\0start_timestamp\";i:1732143221;s:53:\"\0ActionScheduler_IntervalSchedule\0interval_in_seconds\";i:86400;}',5,0,'0000-00-00 00:00:00','0000-00-00 00:00:00',0,NULL),(535,'woocommerce_run_on_woocommerce_admin_updated','complete','2024-11-19 22:53:49','2024-11-19 22:53:49',10,'[]','O:30:\"ActionScheduler_SimpleSchedule\":2:{s:22:\"\0*\0scheduled_timestamp\";i:1732056829;s:41:\"\0ActionScheduler_SimpleSchedule\0timestamp\";i:1732056829;}',4,1,'2024-11-19 22:53:50','2024-11-19 22:53:50',0,NULL),(244,'woocommerce_run_on_woocommerce_admin_updated','failed','2023-03-24 04:27:23','2023-03-24 04:27:23',10,'[\"Automattic\\\\WooCommerce\\\\Admin\\\\RemoteInboxNotifications\\\\RemoteInboxNotificationsEngine\",\"run_on_woocommerce_admin_updated\"]','O:30:\"ActionScheduler_SimpleSchedule\":2:{s:22:\"\0*\0scheduled_timestamp\";i:1679632043;s:41:\"\0ActionScheduler_SimpleSchedule\0timestamp\";i:1679632043;}',4,1,'2023-03-24 04:27:25','2023-03-24 04:27:25',0,''),(319,'woocommerce_run_on_woocommerce_admin_updated','failed','2023-06-02 06:57:50','2023-06-02 06:57:50',10,'[\"Automattic\\\\WooCommerce\\\\Admin\\\\RemoteInboxNotifications\\\\RemoteInboxNotificationsEngine\",\"run_on_woocommerce_admin_updated\"]','O:30:\"ActionScheduler_SimpleSchedule\":2:{s:22:\"\0*\0scheduled_timestamp\";i:1685689070;s:41:\"\0ActionScheduler_SimpleSchedule\0timestamp\";i:1685689070;}',4,1,'2023-06-02 06:58:36','2023-06-02 06:58:36',0,''),(282,'woocommerce_run_on_woocommerce_admin_updated','failed','2023-04-28 08:51:11','2023-04-28 08:51:11',10,'[\"Automattic\\\\WooCommerce\\\\Admin\\\\RemoteInboxNotifications\\\\RemoteInboxNotificationsEngine\",\"run_on_woocommerce_admin_updated\"]','O:30:\"ActionScheduler_SimpleSchedule\":2:{s:22:\"\0*\0scheduled_timestamp\";i:1682671871;s:41:\"\0ActionScheduler_SimpleSchedule\0timestamp\";i:1682671871;}',4,1,'2023-04-28 08:51:43','2023-04-28 08:51:43',0,''),(296,'woocommerce_run_on_woocommerce_admin_updated','failed','2023-05-10 18:59:50','2023-05-10 18:59:50',10,'[\"Automattic\\\\WooCommerce\\\\Admin\\\\RemoteInboxNotifications\\\\RemoteInboxNotificationsEngine\",\"run_on_woocommerce_admin_updated\"]','O:30:\"ActionScheduler_SimpleSchedule\":2:{s:22:\"\0*\0scheduled_timestamp\";i:1683745190;s:41:\"\0ActionScheduler_SimpleSchedule\0timestamp\";i:1683745190;}',4,1,'2023-05-10 18:59:52','2023-05-10 18:59:52',0,''),(356,'action_scheduler/migration_hook','failed','2023-07-07 11:36:30','2023-07-07 11:36:30',10,'[]','O:30:\"ActionScheduler_SimpleSchedule\":2:{s:22:\"\0*\0scheduled_timestamp\";i:1688729790;s:41:\"\0ActionScheduler_SimpleSchedule\0timestamp\";i:1688729790;}',1,1,'2023-07-07 11:36:38','2023-07-07 11:36:38',0,''),(533,'action_scheduler/migration_hook','failed','2024-11-19 22:54:23','2024-11-19 22:54:23',10,'[]','O:30:\"ActionScheduler_SimpleSchedule\":2:{s:22:\"\0*\0scheduled_timestamp\";i:1732056863;s:41:\"\0ActionScheduler_SimpleSchedule\0timestamp\";i:1732056863;}',1,1,'2024-11-19 22:55:24','2024-11-19 22:55:24',0,NULL);

--
-- Table structure for table `wpfj_actionscheduler_claims`
--

CREATE TABLE `wpfj_actionscheduler_claims` (
  `claim_id` bigint(20) unsigned NOT NULL AUTO_INCREMENT,
  `date_created_gmt` datetime DEFAULT '0000-00-00 00:00:00',
  PRIMARY KEY (`claim_id`),
  KEY `date_created_gmt` (`date_created_gmt`)
) ENGINE=MyISAM DEFAULT CHARSET=utf8mb4 COLLATE=utf8mb4_unicode_520_ci;

--
-- Dumping data for table `wpfj_actionscheduler_claims`
--


--
-- Table structure for table `wpfj_actionscheduler_groups`
--

CREATE TABLE `wpfj_actionscheduler_groups` (
  `group_id` bigint(20) unsigned NOT NULL AUTO_INCREMENT,
  `slug` varchar(255) NOT NULL,
  PRIMARY KEY (`group_id`),
  KEY `slug` (`slug`(191))
) ENGINE=MyISAM AUTO_INCREMENT=6 DEFAULT CHARSET=utf8mb4 COLLATE=utf8mb4_unicode_520_ci;

--
-- Dumping data for table `wpfj_actionscheduler_groups`
--

INSERT INTO `wpfj_actionscheduler_groups` VALUES (1,'action-scheduler-migration'),(2,'woocommerce-db-updates'),(3,'wc-admin-data'),(4,'woocommerce-remote-inbox-engine'),(5,'');

--
-- Table structure for table `wpfj_actionscheduler_logs`
--

CREATE TABLE `wpfj_actionscheduler_logs` (
  `log_id` bigint(20) unsigned NOT NULL AUTO_INCREMENT,
  `action_id` bigint(20) unsigned NOT NULL,
  `message` text NOT NULL,
  `log_date_gmt` datetime DEFAULT '0000-00-00 00:00:00',
  `log_date_local` datetime DEFAULT '0000-00-00 00:00:00',
  PRIMARY KEY (`log_id`),
  KEY `action_id` (`action_id`),
  KEY `log_date_gmt` (`log_date_gmt`)
) ENGINE=MyISAM AUTO_INCREMENT=1519 DEFAULT CHARSET=utf8mb4 COLLATE=utf8mb4_unicode_520_ci;

--
-- Dumping data for table `wpfj_actionscheduler_logs`
--

INSERT INTO `wpfj_actionscheduler_logs` VALUES (760,282,'action failed via WP Cron: Scheduled action for woocommerce_run_on_woocommerce_admin_updated will not be executed as no callbacks are registered.','2023-04-28 08:51:43','2023-04-28 08:51:43'),(614,234,'action created','2023-03-15 12:31:54','2023-03-15 12:31:54'),(615,234,'action started via WP Cron','2023-03-15 12:32:00','2023-03-15 12:32:00'),(616,234,'action failed via WP Cron: Scheduled action for woocommerce_run_on_woocommerce_admin_updated will not be executed as no callbacks are registered.','2023-03-15 12:32:00','2023-03-15 12:32:00'),(574,220,'action failed via WP Cron: Scheduled action for woocommerce_run_on_woocommerce_admin_updated will not be executed as no callbacks are registered.','2023-03-03 06:39:21','2023-03-03 06:39:21'),(572,220,'action created','2023-03-03 06:39:20','2023-03-03 06:39:20'),(802,296,'action failed via WP Cron: Scheduled action for woocommerce_run_on_woocommerce_admin_updated will not be executed as no callbacks are registered.','2023-05-10 18:59:52','2023-05-10 18:59:52'),(801,296,'action started via WP Cron','2023-05-10 18:59:52','2023-05-10 18:59:52'),(1504,530,'action created','2023-12-19 20:06:37','2023-12-19 20:06:37'),(718,268,'action failed via WP Cron: Scheduled action for woocommerce_run_on_woocommerce_admin_updated will not be executed as no callbacks are registered.','2023-04-14 07:15:45','2023-04-14 07:15:45'),(717,268,'action started via WP Cron','2023-04-14 07:15:45','2023-04-14 07:15:45'),(644,244,'action created','2023-03-24 04:27:23','2023-03-24 04:27:23'),(573,220,'action started via WP Cron','2023-03-03 06:39:21','2023-03-03 06:39:21'),(1512,530,'action complete via Async Request','2024-11-19 22:53:41','2024-11-19 22:53:41'),(1513,534,'action created','2024-11-19 22:53:41','2024-11-19 22:53:41'),(1514,535,'action created','2024-11-19 22:53:49','2024-11-19 22:53:49'),(1511,530,'action started via Async Request','2024-11-19 22:53:41','2024-11-19 22:53:41'),(759,282,'action started via WP Cron','2023-04-28 08:51:43','2023-04-28 08:51:43'),(758,282,'action created','2023-04-28 08:51:11','2023-04-28 08:51:11'),(645,244,'action started via WP Cron','2023-03-24 04:27:25','2023-03-24 04:27:25'),(646,244,'action failed via WP Cron: Scheduled action for woocommerce_run_on_woocommerce_admin_updated will not be executed as no callbacks are registered.','2023-03-24 04:27:25','2023-03-24 04:27:25'),(800,296,'action created','2023-05-10 18:59:50','2023-05-10 18:59:50'),(716,268,'action created','2023-04-14 07:15:42','2023-04-14 07:15:42'),(869,319,'action created','2023-06-02 06:57:50','2023-06-02 06:57:50'),(870,319,'action started via WP Cron','2023-06-02 06:58:36','2023-06-02 06:58:36'),(871,319,'action failed via WP Cron: Scheduled action for woocommerce_run_on_woocommerce_admin_updated will not be executed as no callbacks are registered.','2023-06-02 06:58:36','2023-06-02 06:58:36'),(980,356,'action created','2023-07-07 11:35:30','2023-07-07 11:35:30'),(981,356,'action started via Async Request','2023-07-07 11:36:38','2023-07-07 11:36:38'),(982,356,'action failed via Async Request: Scheduled action for action_scheduler/migration_hook will not be executed as no callbacks are registered.','2023-07-07 11:36:38','2023-07-07 11:36:38'),(1517,533,'action started via WP Cron','2024-11-19 22:55:24','2024-11-19 22:55:24'),(1516,535,'action complete via Async Request','2024-11-19 22:53:50','2024-11-19 22:53:50'),(1515,535,'action started via Async Request','2024-11-19 22:53:50','2024-11-19 22:53:50'),(1518,533,'action failed via WP Cron: Scheduled action for action_scheduler/migration_hook will not be executed as no callbacks are registered.','2024-11-19 22:55:24','2024-11-19 22:55:24');

--
-- Table structure for table `wpfj_bp_activity`
--

CREATE TABLE `wpfj_bp_activity` (
  `id` bigint(20) NOT NULL AUTO_INCREMENT,
  `user_id` bigint(20) NOT NULL,
  `component` varchar(75) NOT NULL,
  `type` varchar(75) NOT NULL,
  `action` text NOT NULL,
  `content` longtext NOT NULL,
  `primary_link` text NOT NULL,
  `item_id` bigint(20) NOT NULL,
  `secondary_item_id` bigint(20) DEFAULT NULL,
  `date_recorded` datetime NOT NULL,
  `hide_sitewide` tinyint(1) DEFAULT 0,
  `mptt_left` int(11) NOT NULL DEFAULT 0,
  `mptt_right` int(11) NOT NULL DEFAULT 0,
  `is_spam` tinyint(1) NOT NULL DEFAULT 0,
  PRIMARY KEY (`id`),
  KEY `date_recorded` (`date_recorded`),
  KEY `user_id` (`user_id`),
  KEY `item_id` (`item_id`),
  KEY `secondary_item_id` (`secondary_item_id`),
  KEY `component` (`component`),
  KEY `type` (`type`),
  KEY `mptt_left` (`mptt_left`),
  KEY `mptt_right` (`mptt_right`),
  KEY `hide_sitewide` (`hide_sitewide`),
  KEY `is_spam` (`is_spam`)
) ENGINE=MyISAM AUTO_INCREMENT=822 DEFAULT CHARSET=utf8mb4 COLLATE=utf8mb4_unicode_520_ci;

--
-- Dumping data for table `wpfj_bp_activity`
--

INSERT INTO `wpfj_bp_activity` VALUES (738,31,'activity','activity_update','<a href=\"https://familygenie.org/members/michael/\">Michael L Thomas</a> posted an update','I am just working on getting this site up and running.','https://familygenie.org/members/michael/',0,0,'2024-11-20 01:15:53',0,0,0,0),(736,31,'members','last_activity','','','',0,NULL,'2025-05-04 15:43:55',0,0,0,0),(737,31,'members','new_cover_photo','<a href=\"https://familygenie.org/members/michael/\">Michael L Thomas</a> changed their cover photo','','https://familygenie.org/members/michael/',31,31,'2024-11-20 00:31:54',0,1,4,0),(741,31,'blogs','new_blog_post','<a href=\"https://familygenie.org/members/michael/\">Michael L Thomas</a> wrote a new post','<strong><a href=\"https://familygenie.org/?p=3518\"></a></strong>Thomas &amp; Bradshaw Families Welcome to Family Genie: Connecting Thomas &amp; Bradshaw Families Your Personal Family Network Welcome to Family Genie! We are <a href=\"https://familygenie.org/?p=3518\"><span>[&hellip;]</span></a>','https://familygenie.org/?p=3518',1,3518,'2024-11-20 03:24:25',0,0,0,0),(742,31,'activity','activity_update','<a href=\"https://familygenie.org/members/michael/\">Michael L Thomas</a> posted an update','I would like to welcome all to this site.  Tell us which family you are from the Thomas or the Bradshaw.  Your name does not have to be either, since marriages and the like changes them.  Not much on here YET but I am looking for it to GROW!  That takes your involvement\r\n','https://familygenie.org/members/michael/',0,0,'2024-11-25 22:38:51',0,0,0,0),(754,38,'members','new_member','<a href=\"https://familygenie.org/members/kwill110/\">Kwill110</a> became a registered member','','',0,0,'2024-12-27 19:26:37',0,0,0,0),(755,38,'members','last_activity','','','',0,NULL,'2024-12-27 20:36:10',0,0,0,0),(746,31,'activity','activity_update','<a href=\"https://familygenie.org/members/michael/\">Michael L Thomas</a> posted an update','Just so you know!\r\n\r\nWhen I was born, it only cost 3 cents for a First Class postage stamp','https://familygenie.org/members/michael/',0,0,'2024-12-12 22:21:46',0,0,0,0),(756,38,'members','new_avatar','<a href=\"https://familygenie.org/members/kwill110/\">Kelene</a> changed their profile picture','','https://familygenie.org/members/kwill110/',0,0,'2024-12-27 19:28:46',0,0,0,0),(757,38,'members','new_cover_photo','<a href=\"https://familygenie.org/members/kwill110/\">Kelene</a> changed their cover photo','','https://familygenie.org/members/kwill110/',38,38,'2024-12-27 19:29:03',0,0,0,0),(758,38,'friends','friendship_created','<a href=\"https://familygenie.org/members/kwill110/\">Kelene</a> and <a href=\"https://familygenie.org/members/michael/\">Michael L Thomas</a> are now friends','','https://familygenie.org/members/michael/',1,31,'2024-12-27 19:39:39',0,0,0,0),(759,38,'groups','new_group_avatar','<a href=\"https://familygenie.org/members/kwill110/\">Kelene</a> changed <a href=\"https://familygenie.org/groups/team-williams/\">Team Williams</a> group photo','','https://familygenie.org/members/kwill110/',1,0,'2024-12-27 19:47:46',0,0,0,0),(760,31,'groups','activity_update','<a href=\"https://familygenie.org/members/michael/\">Michael L Thomas</a> posted an update in the group <a href=\"https://familygenie.org/groups/team-williams/\">Team Williams</a>','Thanks for letting me in','https://familygenie.org/members/michael/',1,0,'2024-12-27 19:47:57',1,0,0,0),(761,38,'groups','new_group_cover_photo','<a href=\"https://familygenie.org/members/kwill110/\">Kelene</a> changed <a href=\"https://familygenie.org/groups/team-williams/\">Team Williams</a> group cover photo','','https://familygenie.org/members/kwill110/',1,0,'2024-12-27 19:48:11',0,0,0,0),(762,38,'groups','new_group_cover_photo','<a href=\"https://familygenie.org/members/kwill110/\">Kelene</a> changed <a href=\"https://familygenie.org/groups/team-williams/\">Team Williams</a> group cover photo','','https://familygenie.org/members/kwill110/',1,0,'2024-12-27 19:48:26',0,0,0,0),(763,38,'groups','created_group','<a href=\"https://familygenie.org/members/kwill110/\">Kelene</a> created the group <a href=\"https://familygenie.org/groups/team-williams/\">Team Williams</a>','','https://familygenie.org/members/kwill110/',1,0,'2024-12-27 19:49:58',1,0,0,0),(764,31,'groups','joined_group','<a href=\"https://familygenie.org/members/michael/\">Michael L Thomas</a> joined the group <a href=\"https://familygenie.org/groups/team-williams/\">Team Williams</a>','','https://familygenie.org/members/michael/',1,0,'2024-12-27 19:51:01',1,0,0,0),(765,38,'activity','activity_comment','<a href=\"https://familygenie.org/members/kwill110/\">Kelene</a> posted a new activity comment','<div class=\"rtmedia-activity-container\"><ul class=\"rtmedia-list rtm-activity-media-list rtmedia-activity-media-length-0\"></ul><div class=\"rtmedia-activity-text\">\n					<span>Nice photo!</span>\n					</div></div>','https://familygenie.org/members/kwill110/',737,737,'2024-12-27 19:58:28',0,2,3,0),(766,31,'groups','new_group_avatar','<a href=\"https://familygenie.org/members/michael/\">Michael L Thomas</a> changed <a href=\"https://familygenie.org/groups/team-thomas/\">Team Thomas</a> group photo','','https://familygenie.org/members/michael/',2,0,'2024-12-28 04:03:51',0,0,0,0),(767,31,'groups','new_group_cover_photo','<a href=\"https://familygenie.org/members/michael/\">Michael L Thomas</a> changed <a href=\"https://familygenie.org/groups/team-thomas/\">Team Thomas</a> group cover photo','','https://familygenie.org/members/michael/',2,0,'2024-12-28 04:04:27',0,0,0,0),(768,31,'groups','created_group','<a href=\"https://familygenie.org/members/michael/\">Michael L Thomas</a> created the group <a href=\"https://familygenie.org/groups/team-thomas/\">Team Thomas</a>','','https://familygenie.org/members/michael/',2,0,'2024-12-28 04:04:58',0,0,0,0),(769,31,'groups','new_group_avatar','<a href=\"https://familygenie.org/members/michael/\">Michael L Thomas</a> changed <a href=\"https://familygenie.org/groups/team-bradshaw/\">Team Bradshaw</a> group photo','','https://familygenie.org/members/michael/',3,0,'2024-12-28 04:09:55',0,0,0,0),(770,31,'groups','created_group','<a href=\"https://familygenie.org/members/michael/\">Michael L Thomas</a> created the group <a href=\"https://familygenie.org/groups/team-bradshaw/\">Team Bradshaw</a>','','https://familygenie.org/members/michael/',3,0,'2024-12-28 04:11:17',0,0,0,0),(771,31,'groups','created_group','<a href=\"https://familygenie.org/members/michael/\">Michael L Thomas</a> created the group <a href=\"https://familygenie.org/groups/team-quick/\">Team Quick</a>','','https://familygenie.org/members/michael/',4,0,'2024-12-28 04:14:21',0,0,0,0),(772,31,'groups','created_group','<a href=\"https://familygenie.org/members/michael/\">Michael L Thomas</a> created the group <a href=\"https://familygenie.org/groups/team-krum/\">Team Krum</a>','','https://familygenie.org/members/michael/',5,0,'2024-12-28 04:15:42',0,0,0,0),(777,41,'members','new_member','<a href=\"https://familygenie.org/members/carsonphymn/\">carsonphymn</a> became a registered member','','',0,0,'2025-01-14 03:18:19',0,0,0,0),(778,42,'members','new_member','<a href=\"https://familygenie.org/members/alexeywar/\">alexeywar</a> became a registered member','','',0,0,'2025-01-18 15:51:13',0,0,0,0),(779,42,'members','last_activity','','','',0,NULL,'2025-01-18 15:51:17',0,0,0,0),(780,43,'members','new_member','<a href=\"https://familygenie.org/members/vavadagog/\">vavadagog</a> became a registered member','','',0,0,'2025-02-04 18:48:45',0,0,0,0),(781,43,'members','last_activity','','','',0,NULL,'2025-02-16 20:42:40',0,0,0,0),(782,44,'members','new_member','<a href=\"https://familygenie.org/members/franktuh/\">franktuh</a> became a registered member','','',0,0,'2025-02-05 02:41:23',0,0,0,0),(783,44,'members','last_activity','','','',0,NULL,'2025-02-05 11:18:54',0,0,0,0),(784,45,'members','new_member','<a href=\"https://familygenie.org/members/jasonzes/\">jasonzes</a> became a registered member','','',0,0,'2025-02-06 17:07:36',0,0,0,0),(785,45,'members','last_activity','','','',0,NULL,'2025-02-11 19:54:43',0,0,0,0),(786,46,'members','new_member','<a href=\"https://familygenie.org/members/kevinreict/\">kevinreict</a> became a registered member','','',0,0,'2025-02-17 11:37:55',0,0,0,0),(787,46,'members','last_activity','','','',0,NULL,'2025-02-18 11:02:31',0,0,0,0),(788,47,'members','new_member','<a href=\"https://familygenie.org/members/marylnhieft/\">marylnhieft</a> became a registered member','','',0,0,'2025-02-22 04:47:03',0,0,0,0),(789,47,'members','last_activity','','','',0,NULL,'2025-02-22 04:47:08',0,0,0,0),(790,41,'members','last_activity','','','',0,NULL,'2025-04-12 00:02:19',0,0,0,0),(791,48,'members','new_member','<a href=\"https://familygenie.org/members/carltonkes/\">carltonkes</a> became a registered member','','',0,0,'2025-03-06 00:25:57',0,0,0,0),(792,48,'members','last_activity','','','',0,NULL,'2025-03-14 11:17:15',0,0,0,0),(793,49,'members','new_member','<a href=\"https://familygenie.org/members/melvinkit/\">melvinkit</a> became a registered member','','',0,0,'2025-03-14 10:27:44',0,0,0,0),(794,49,'members','last_activity','','','',0,NULL,'2025-03-19 08:16:49',0,0,0,0),(795,50,'members','new_member','<a href=\"https://familygenie.org/members/travisuh/\">travisuh</a> became a registered member','','',0,0,'2025-03-22 07:05:18',0,0,0,0),(796,51,'members','new_member','<a href=\"https://familygenie.org/members/traviskr/\">traviskr</a> became a registered member','','',0,0,'2025-03-22 15:48:46',0,0,0,0),(797,52,'members','new_member','<a href=\"https://familygenie.org/members/georgemut/\">georgemut</a> became a registered member','','',0,0,'2025-03-23 10:43:18',0,0,0,0),(798,52,'members','last_activity','','','',0,NULL,'2025-03-23 10:43:23',0,0,0,0),(799,53,'members','new_member','<a href=\"https://familygenie.org/members/jerometip/\">jerometip</a> became a registered member','','',0,0,'2025-03-23 14:02:23',0,0,0,0),(800,53,'members','last_activity','','','',0,NULL,'2025-03-23 14:02:27',0,0,0,0),(801,54,'members','new_member','<a href=\"https://familygenie.org/members/travisws/\">travisws</a> became a registered member','','',0,0,'2025-03-23 15:50:13',0,0,0,0),(802,55,'members','new_member','<a href=\"https://familygenie.org/members/travisbu/\">travisbu</a> became a registered member','','',0,0,'2025-03-24 06:44:55',0,0,0,0),(803,56,'members','new_member','<a href=\"https://familygenie.org/members/travishq/\">travishq</a> became a registered member','','',0,0,'2025-03-24 18:41:24',0,0,0,0),(804,57,'members','new_member','<a href=\"https://familygenie.org/members/robertvab/\">robertvab</a> became a registered member','','',0,0,'2025-03-25 06:44:55',0,0,0,0),(805,57,'members','last_activity','','','',0,NULL,'2025-04-11 09:52:24',0,0,0,0),(806,58,'members','new_member','<a href=\"https://familygenie.org/members/traviscl/\">traviscl</a> became a registered member','','',0,0,'2025-03-25 07:15:57',0,0,0,0),(807,59,'members','new_member','<a href=\"https://familygenie.org/members/lavilluplig/\">lavilluplig</a> became a registered member','','',0,0,'2025-03-26 20:23:52',0,0,0,0),(808,59,'members','last_activity','','','',0,NULL,'2025-05-02 13:18:00',0,0,0,0),(809,60,'members','new_member','<a href=\"https://familygenie.org/members/philipneipt/\">philipneipt</a> became a registered member','','',0,0,'2025-03-28 15:03:46',0,0,0,0),(810,60,'members','last_activity','','','',0,NULL,'2025-04-12 23:23:52',0,0,0,0),(811,61,'members','new_member','<a href=\"https://familygenie.org/members/anderanor/\">anderanor</a> became a registered member','','',0,0,'2025-04-09 00:22:45',0,0,0,0),(812,61,'members','last_activity','','','',0,NULL,'2025-04-09 00:22:51',0,0,0,0),(813,62,'members','new_member','<a href=\"https://familygenie.org/members/germanfah/\">germanfah</a> became a registered member','','',0,0,'2025-04-15 13:45:50',0,0,0,0),(814,63,'members','new_member','<a href=\"https://familygenie.org/members/zdorovovfah/\">zdorovovfah</a> became a registered member','','',0,0,'2025-04-15 19:53:26',0,0,0,0),(815,64,'members','new_member','<a href=\"https://familygenie.org/members/curtiskar/\">curtiskar</a> became a registered member','','',0,0,'2025-04-24 22:33:44',0,0,0,0),(816,64,'members','last_activity','','','',0,NULL,'2025-04-24 22:33:51',0,0,0,0),(817,62,'members','last_activity','','','',0,NULL,'2025-04-25 18:28:10',0,0,0,0),(818,63,'members','last_activity','','','',0,NULL,'2025-04-26 02:17:06',0,0,0,0),(819,65,'members','new_member','<a href=\"https://familygenie.org/members/virtabuth/\">virtabuth</a> became a registered member','','',0,0,'2025-04-28 03:42:56',0,0,0,0),(820,65,'members','last_activity','','','',0,NULL,'2025-04-28 03:43:00',0,0,0,0),(821,66,'members','new_member','<a href=\"https://familygenie.org/members/shrauneqq/\">shrauneqq</a> became a registered member','','',0,0,'2025-05-03 16:55:33',0,0,0,0);

--
-- Table structure for table `wpfj_bp_activity_meta`
--

CREATE TABLE `wpfj_bp_activity_meta` (
  `id` bigint(20) NOT NULL AUTO_INCREMENT,
  `activity_id` bigint(20) NOT NULL,
  `meta_key` varchar(255) DEFAULT NULL,
  `meta_value` longtext DEFAULT NULL,
  PRIMARY KEY (`id`),
  KEY `activity_id` (`activity_id`),
  KEY `meta_key` (`meta_key`(191))
) ENGINE=MyISAM AUTO_INCREMENT=87 DEFAULT CHARSET=utf8mb4 COLLATE=utf8mb4_unicode_520_ci;

--
-- Dumping data for table `wpfj_bp_activity_meta`
--

INSERT INTO `wpfj_bp_activity_meta` VALUES (55,737,'cover_image','https://familygenie.org/wp-content/uploads/cover-image-2024-11-20-673d2dfa0e915.jpeg'),(56,737,'cover_image_name','Hand drawn header wood'),(57,738,'rtmedia_privacy','0'),(58,738,'favorite_count','1'),(61,741,'favorite_count','1'),(60,741,'post_url','https://familygenie.org/?p=3518'),(59,741,'post_title',''),(62,742,'rtmedia_privacy','0'),(63,746,'rtmedia_privacy','0'),(64,757,'cover_image','https://familygenie.org/wp-content/uploads/cover-image-2024-12-27-676effff6d26a.jpg'),(65,757,'cover_image_name','IMG_20120731_183302'),(66,759,'group_avatar_image','data:image/jpg;base64,[encoded data, 69816 characters]'),(67,759,'group_avatar_image_name','1735328866-bpfull.jpg'),(68,760,'rtmedia_privacy','0'),(69,761,'group_cover_image','data:image/jpg;base64,[encoded data, 115592 characters]'),(70,761,'group_cover_image_name','IMG_20121111_184709'),(71,762,'group_cover_image','data:image/jpg;base64,[encoded data, 116764 characters]'),(72,762,'group_cover_image_name','IMG_20120802_183039'),(73,762,'favorite_count','1'),(74,761,'favorite_count','1'),(75,759,'favorite_count','1'),(76,758,'favorite_count','1'),(77,746,'favorite_count','1'),(78,742,'favorite_count','1'),(79,737,'favorite_count','1'),(80,765,'rtmedia_privacy',''),(81,766,'group_avatar_image','data:image/jpg;base64,[encoded data, 11324 characters]'),(82,766,'group_avatar_image_name','1735358631-bpfull.jpg'),(83,767,'group_cover_image','data:image/jpg;base64,[encoded data, 105508 characters]'),(84,767,'group_cover_image_name','ThomasFamily B&W'),(85,769,'group_avatar_image','data:image/jpg;base64,[encoded data, 11988 characters]'),(86,769,'group_avatar_image_name','1735358995-bpfull.jpg');
